4*r - 3*q - 767, 0 = 3*r - 4*q - 469. What are the prime factors of r?
151
Let m be ((-24)/(-114))/((-2)/(-19)). Suppose -1025 = -m*t - 5*f, -5*f + 3 = -12. What are the prime factors of t?
5, 101
Let n(w) = -158*w + 49*w + 8*w**2 - 5 + 51*w + 53*w. Let u(g) = g**3 + 2*g**2 - g + 2. Let d be u(-3). List the prime factors of n(d).
11, 13
Suppose -a + 7 + 10 = -l, 0 = -2*a - 3*l + 9. Suppose 0 = -a*o + 1741 + 1067. What are the prime factors of o?
2, 3, 13
Let l(v) = 48*v + 15*v + 9*v - 130. What are the prime factors of l(14)?
2, 439
Suppose z - 14426 = -1606*y + 1605*y, -5*y - 28866 = -2*z. What are the prime factors of z?
2, 3607
Suppose 3*o = m - o - 15, 0 = 3*m - 4*o - 13. Let a(z) be the first derivative of -221*z**2/2 + 6*z + 23. List the prime factors of a(m).
227
Let z be 0 + 1 - (-10 - -37). Let f be 18/48 - z/16. What are the prime factors of (((-20)/3)/f)/(4/(-282))?
5, 47
Let d be ((-11)/((-55)/50))/(-2). Let n be 105/(-25) - -4 - (-1839)/d. Let k = -249 - n. What are the prime factors of k?
7, 17
Let d(s) = 30*s + 5. Let a = 57 + -54. Suppose 1 = -j + a. What are the prime factors of d(j)?
5, 13
Let r(l) = 2*l**2 + 9*l + 7. Let g be r(-4). Suppose 7*d + 3*d - g*d = 0. Suppose 5*w + y + 3*y - 1095 = d, -4*y = 2*w - 438. List the prime factors of w.
3, 73
Let w(t) = -3*t**3 + 26*t**2 + 52*t - 10. Let n(q) = q**3 - 9*q**2 - 17*q + 4. Let k(u) = 7*n(u) + 2*w(u). List the prime factors of k(14).
2, 193
Suppose 183737 = 103*v - 93024. List the prime factors of v.
2687
Suppose -21*v + 974430 = 33*v. What are the prime factors of v?
3, 5, 401
Suppose -3*a = -157 + 232. List the prime factors of (2 + 0)*-1 + 469 + a.
2, 13, 17
Let y(v) = -92*v - 89. Let i be y(-1). Suppose 4*f + 1168 = 2*a - 1164, i*f = 2*a - 2327. List the prime factors of a.
2, 17
Let i(q) = 8*q**2 - 4*q - 19. Let m be ((-4)/24*-44)/(1/3). Let f be 4/m + 57/(-11). List the prime factors of i(f).
3, 67
Suppose 0 = -40*a + 45*a + 60. Let f(q) = -q**3 - 10*q**2 + 6*q - 26. List the prime factors of f(a).
2, 5, 19
Suppose -4*p + w = -w - 8, w + 8 = 4*p. Let a be 2/(p + 16/(-7)). Let h(i) = -2*i**3 - 7*i**2 + 13*i - 5. What are the prime factors of h(a)?
13, 19
List the prime factors of ((-7)/21)/((-3)/(-9))*-6029.
6029
Suppose -99*c - 59*c = -149664 - 123676. List the prime factors of c.
2, 5, 173
Suppose -12*b = -5*b - 35. What are the prime factors of (-3 - (-322 + b)) + 2?
2, 79
Suppose 4*b + 104 = 4*h, -h - b = 4*b - 8. Suppose -h*v = -30*v + 7231. What are the prime factors of v?
1033
Let f(p) = p**2 - 19*p - 5. Let x be f(19). What are the prime factors of x*((-5)/(100/7408) - -2)?
2, 3, 307
What are the prime factors of 38672353/915 + 0 + 10/75?
5, 79, 107
Suppose -5*u + 28 = s, -4*u - 3*s = -9*u + 16. Let k = -203 - -369. Suppose 3*p = -u*l + 239, -2*p + 4*l - 14 = -k. What are the prime factors of p?
2, 3, 13
Let s(n) = 115*n + 540. List the prime factors of s(-4).
2, 5
Suppose -w = 6*y - 53853 - 9600, -3*w - 10585 = -y. List the prime factors of y.
2, 661
Let g = 26239 - 15329. What are the prime factors of g?
2, 5, 1091
Suppose 1038*d = 1035*d - 4*z + 21665, z = 2*d - 14458. What are the prime factors of d?
3, 11, 73
Let f(h) be the second derivative of h**4/6 + h**3/3 + 7*h**2/2 + 4*h. Let j be f(-10). Suppose -j = -3*i + 179. List the prime factors of i.
2, 61
Let m be (9/4)/(10/40). Let h = m + -9. Suppose -4*b + h*b + 412 = 0. List the prime factors of b.
103
Let j be (2 - 5)/(2 + 13836/(-6916)). Suppose j = 68*w - 55*w. What are the prime factors of w?
3, 7, 19
Let o = 265 - 262. Let j(g) = 3 + g + 4 - 2*g. What are the prime factors of j(o)?
2
Let s be ((-28)/(-21))/(-3 - 56/(-18)). Suppose -185 = -q - s*n + 9*n, -q - 4*n = -180. List the prime factors of q.
2, 5
Let i = 6073 + -2742. List the prime factors of i.
3331
Let z(l) = l**2 + 11*l - 36. Let f be 10/(-6) + 1 - 30/9. Let m be (f/8)/((-3)/(-114)). What are the prime factors of z(m)?
2, 29
Suppose 0 = 168*n - 151*n. Suppose -t + 0*u + 5*u + 18 = 0, 0 = t - 3*u - 16. Suppose t*v - 468 - 1573 = n. List the prime factors of v.
157
Let o be 0 + -3 + 3 + 2. Suppose o*f - 3*f = -11. Let s(j) = j**3 - 9*j**2 - 15*j - 3. What are the prime factors of s(f)?
2, 37
Let i(o) = -2*o**2 + 28*o + 5. Suppose 0 = -4*u + 2*u + 12. Let y(z) = z + 8. Let g be y(u). What are the prime factors of i(g)?
5
Let r be (-11)/(44/(-24)) - -512. List the prime factors of r/4*104/182.
2, 37
Let h(v) = 3*v**2 - 38*v + 15. Let c be h(15). Suppose -2*t + 11 = 7. Suppose j = x - 40, t*x - j = -x + c. List the prime factors of x.
2, 5
What are the prime factors of 3931734/132 - (-15)/110?
2, 53, 281
Let q(z) = z**3 - 21*z**2 + 2*z - 77. Let y be q(21). Suppose -2 - 30 = -g. Let j = g - y. What are the prime factors of j?
67
Suppose 17*r - 66130 = -14289 + 109863. List the prime factors of r.
2, 29, 41
Suppose 5*l - 3*w = 1161, -218 = -3*l + 3*w + 481. Let m = -219 + l. What are the prime factors of m?
2, 3
Let k(d) be the first derivative of 160*d**2 - 12*d + 186. List the prime factors of k(2).
2, 157
Suppose 3*u + 2*k - 1725 = 2095, 0 = -4*u + 4*k + 5120. Suppose 46*b = 48*b - u. Suppose 14*x = 3*x + b. What are the prime factors of x?
2, 29
Let v = -283 - -287. Suppose -4*n + 2 = -6. Suppose n*q + v - 26 = 0. What are the prime factors of q?
11
Suppose -3*j + 9*j + 720 = 0. Suppose -8*r + 11*r = -1017. Let t = j - r. What are the prime factors of t?
3, 73
Suppose -s = -z + 17763, -z + 87*s + 17775 = 82*s. List the prime factors of z.
2, 3, 5, 37
Let y(v) = -2*v**2 - 7*v + 30. Let n be y(-6). Suppose -4*j = 2*u - 2212, u + 559 = j - n*u. What are the prime factors of j?
3, 5, 37
Let g(s) = -2*s + 13. Let c be g(5). Suppose -4 - 9 = -2*v - c*l, 5*l - 13 = v. Suppose -4*k + 2*r + v*r = -172, 5*k - 200 = 2*r. List the prime factors of k.
2, 19
Suppose 6*u - 2829 - 435 = 0. Suppose 8*b - 2288 = -u. List the prime factors of b.
2, 109
Let u(a) = -a**3 - 22*a**2 + 22*a + 93. Let y = -519 - -495. What are the prime factors of u(y)?
3, 239
Let l = 5271 + -2656. Suppose 147*f - 142*f = l. What are the prime factors of f?
523
Suppose 22*p + 77622 - 1060208 = 0. List the prime factors of p.
59, 757
What are the prime factors of 5*(126/(-21) - -1935)?
3, 5, 643
Suppose 2*z - 129062 = -4*w, -40*w + 38*w = -z - 64521. List the prime factors of w.
7, 11, 419
Let p(c) = c**2 - 13*c + 2. Let d be p(7). Let i(n) = n**3 - 18*n**2 - 16*n - 11. Let l be i(19). Let f = l + d. What are the prime factors of f?
2, 3
Suppose -980425 = -18*h - 369721. What are the prime factors of h?
2, 4241
Let a(k) = -7*k + 19. Let g be a(-7). Let s = g + -40. Let b = 17 + s. List the prime factors of b.
3, 5
Let p be (-7)/(2 - 165/80). Suppose -m = p + 216. List the prime factors of ((6/2)/1)/((-8)/m).
3, 41
Let p(x) = 2*x**2 + 62*x - 63. Let m be p(-32). List the prime factors of (259/(-35))/(m/(-55)).
11, 37
Let m = -2645 + 3425. What are the prime factors of m?
2, 3, 5, 13
Let p be 2/5 - 2/10*-3. Suppose 2*y = p + 19. Suppose y*x = 13*x - 246. What are the prime factors of x?
2, 41
Let y(v) = 3141*v + 4521. List the prime factors of y(23).
2, 3, 6397
Let o = 97 + 167. Let q = 7 + o. Suppose 0 = -4*f + 5*x - x + 572, 2*f + x - q = 0. What are the prime factors of f?
2, 3, 23
Let c(f) = 4*f**2 + 28*f + 304. What are the prime factors of c(0)?
2, 19
Suppose 3*n = -10*n + 26. Suppose -549 = -n*r - 29. List the prime factors of r.
2, 5, 13
What are the prime factors of -109 + 96 - (1 + -164)?
2, 3, 5
Suppose d + 3 = -2*d, -3*r - 11 = 5*d. Suppose -3*y + 11 = -2*h, -4*y + 2*h = -15 - 3. List the prime factors of (-3 + y)/r + 0 - -107.
3, 5, 7
Let t = 136143 + -82410. What are the prime factors of t?
3, 17911
Suppose 0 = 34*d - 515745 - 379577. What are the prime factors of d?
17, 1549
Let t(k) = 426*k - 99. List the prime factors of t(2).
3, 251
Let h be 4/(-8) + (1276/(-8))/(-11). Suppose r - 853 = 3*t, h*t - 17*t = r - 883. What are the prime factors of r?
2, 7, 31
Suppose -3*m + 1197 + 94 = -5*a, 5*m - a = 2115. Suppose 7*b = -142 + m. Suppose 2*g - 4*g = -b. What are the prime factors of g?
2, 5
List the prime factors of (37*133)/(3280/(-100) + 33).
5, 7, 19, 37
Suppose -21*m + 16*m - 105*m = -2078780. What are the prime factors of m?
2, 11, 859
Suppose 4*i + 12 = 7*i. L